/(-4) - (-1)/4. Let h(p) = 11*p + 71. Let v(d) = -106*d - 693. Let f(c) = -39*h(c) - 4*v(c). Give f(n).
-7
Let c = -5201 + 5230. Let g(p) = 7*p - 199. Determine g(c).
4
Let q = -208 + 300. Let f = 96 - q. Let x(p) = -5 + f*p + 0 - 5*p. Calculate x(-7).
2
Let w = -1029 + 1072. Let t(r) = -r**3 - 5*r**2 + 5*r - 2. Let q be t(-6). Let f(c) = -w + 37 - q*c + c. Determine f(-4).
6
Let n(w) = -16*w - 5. Suppose 0 = 3*j - 2*c + 1, -4*j + 9*j + c + 19 = 0. Give n(j).
43
Let s(w) be the third derivative of -2*w**3 - 1/60*w**5 + 0*w - 13 + 5/8*w**4 + 2*w**2. Give s(14).
2
Let q(u) be the first derivative of -u**3/3 - u**2/2 + 44*u - 2. Let d be q(-7). Let v(a) = a**3 + a**2 - 2*a - 1. What is v(d)?
7
Let m(f) = -f**3 - 6*f**2 - 5*f - 5. Let k(w) be the second derivative of -w**3/3 - w**2/2 - 192*w. Let x be k(2). Calculate m(x).
-5
Let w(o) be the first derivative of o**4/6 - o**3/6 + 165*o**2/2 + 112. Let p(d) be the second derivative of w(d). Let a be (-7)/2 - (-2)/4. Determine p(a).
-13
Let g be -11 - (-75)/(12 - -3). Let p(k) be the first derivative of -3*k + 3*k**2 + 1/4*k**4 + 4 + 7/3*k**3. Determine p(g).
-3
Let k(u) be the third derivative of -u**5/20 - 3*u**4/8 + u**3/6 + 2*u**2 + 364*u. What is k(-4)?
-11
Let t(o) = -2*o - 9*o**2 + 4*o**3 - 3*o**3 - 6449 + 6467. What is t(9)?
0
Let o(l) = 46 + 7*l - l**3 + 49 - 136 + 38 + 6*l**2. Give o(7).
-3
Let u(k) = 8*k + 342. Let x be (14/(-3))/(64/(-144) - 0)*-4. Determine u(x).
6
Let g be (-143)/(-66) - 2/12 - 95. Let q = g - -94. Let v be (5 - 5)/(q - 0)*1. Let w(u) = -u**3 + u**2 - u + 6. What is w(v)?
6
Let w(h) = -h**3 + 4*h**2 - 2*h - 9. Let d be -6 + 6 + -1 + 5. Let z(l) = 3*l**3 - 9*l**2 + 5*l + 20. Let g(f) = d*z(f) + 9*w(f). Determine g(1).
4
Let i(n) = -4*n**3 + 86*n**2 - 6*n + 4. Let q(f) = 5*f**3 - 103*f**2 + 5*f - 4. Let x(o) = -6*i(o) - 5*q(o). What is x(-4)?
0
Let m(s) be the second derivative of -s**4/6 - 19*s**2/2 + 79*s. Let f(d) be the first derivative of m(d). What is f(1)?
-4
Let u(o) = o - 1. Let q be u(4). Let a(k) = 2. Let n(m) = m**2 - m + 5. Suppose 0 = -2*s + y + 2, -s + 4*y = 2*s - 13. Let w(f) = s*n(f) + 4*a(f). Give w(q).
-3
Let i(b) = b**2 + 16*b + 3. Let y be i(0). Let q(p) = -3*p - 4 - 4 + p**3 + y + 7. What is q(-3)?
-16
Let t(j) = -28*j**2 - 78*j + 64. Let f(b) = 5*b**2 + 15*b - 13. Let w(g) = -11*f(g) - 2*t(g). Give w(4).
-5
Let p(n) = -n**3 - 6*n**2 + 9*n + 1. Let l(w) = -w**2 - 20*w + 14. Suppose 0 = 4*h - 3*o + 93, 0 = -h + 4*o - 44 + 11. Let y be l(h). Determine p(y).
-13
Let p(d) = d**3 + d**2 - 5*d + 31. Let z be p(-4). Let x(a) = 3*a - 7. What is x(z)?
2
Let n(h) = -30*h + 6. Suppose -3*c + 1 = 4*k, 15*c - 113 + 127 = -k. Determine n(c).
36
Let b(z) be the second derivative of -z**5/120 + 5*z**4/6 - z**3/6 - 7*z**2/2 - 198*z. Let f(h) be the second derivative of b(h). Give f(10).
10
Let x = 129 - 8. Let k(t) = -2*t**2 + 110 + t + t**3 - 8*t**2 - x. Let q(h) = -h**2 - 6*h + 5. Let u be q(-5). What is k(u)?
-1
Let j(d) = -d**2 + 9*d - 27. Let q(z) = 60*z - 54. Let h be q(1). What is j(h)?
-9
Let w be (-21)/(-6)*(-24)/(-21). Suppose 0 = -m - 4*h - 20, -w*m - 4*h - 7 = 13. Let p(v) be the first derivative of -v**4/4 - v**3/3 - 12*v + 90. Give p(m).
-12
Let v(n) = 2*n**2 + n + 2. Let d(o) = -o**3 - 4*o**2 + 4*o + 6. Let y(j) = -d(j) + 3*v(j). Let q = -7 - -11. Let t be -2 + (-32)/(q + 0). Give y(t).
10
Let o(j) = -j**2 - 8*j - 2. Suppose 1678 - 188 = -149*i. Give o(i).
-22
Let r(l) be the second derivative of l**4/12 + 4*l**3/3 + 8*l**2 - l + 121. Determine r(-7).
9
Let x(w) = -15 + 19 + 15*w**2 - 13*w**2 - 10 - 8*w**2 - 2*w - w**3. Calculate x(-6).
6
Let k = -14654 - -14662. Let r(b) = -2*b + 49. Calculate r(k).
33
Suppose 0 = -4*c + 2*d + 50, 5*c - 7 = -5*d + 63. Let o(k) = k**3 - 16*k**2 + 11*k + 7. Let w(j) = j**2 + j - 1. Let y(m) = -o(m) - 2*w(m). Determine y(c).
-5
Let d be -18*((-112)/(-48) + -2). Let r(l) be the third derivative of l**6/120 + l**5/10 + l**4/8 + 3*l**3/2 - l**2. Determine r(d).
-9
Let n(x) = -x**2 - 7*x + 4. Let a be 12/(-3) + 1 + -3. Let k be n(a). Suppose 0 = -2*u - k, z + u + 18 = -2*u. Let h(l) = -2*l**2 - l + 4. Calculate h(z).
-11
Let h(z) be the third derivative of 1/360*z**6 + 14*z**2 + 0*z + 0 + 1/120*z**5 - 1/4*z**4 + 0*z**3. Let a(v) be the second derivative of h(v). What is a(-6)?
-11
Let t(o) = -23*o**2 - 8 + 2*o - 17*o + 19*o + 6 + 2*o**2. Determine t(1).
-19
Let w(z) = z**2 + 21*z - 22. Suppose 10 = 25*a - 20*a. Let d be 12/a*(82/(-6) + 10). Give w(d).
0
Let c(i) = i**2 - 4*i + 3. Suppose 10*y = 12*y - 56. Suppose -y*w = -27*w - 3. What is c(w)?
0
Let z(f) = -22*f + 111. Let x be z(5). Let m(q) = 0 - 7 - 2*q**2 + 7*q**3 + 8. Calculate m(x).
6
Suppose 5*k - 13 = -b, -4*b + 7*b - 2*k - 5 = 0. Suppose -58 - 23 = -b*c. Let d be (-6)/c + (-244)/36. Let t(g) = g**3 + 8*g**2 + 6*g + 8. Determine t(d).
15
Let d(n) = n**3 + 21*n**2 + 20*n - 5. Let h(z) be the second derivative of -z**4/12 - 3*z**3/2 - 5*z**2 + 2*z - 75. Let a be h(-10). Give d(a).
-5
Let f(t) be the third derivative of t**7/2520 - t**6/240 + t**5/3 + 24*t**2 + 2*t. Let i(v) be the third derivative of f(v). Calculate i(2).
1
Let l(t) be the first derivative of -3 + 5*t**2 - 4*t + 4*t - 6*t**2. Let d = -1121 - -1119. What is l(d)?
4
Let v(d) = -40*d + 429. Let r(i) = -13*i + 137. Let n(h) = 22*r(h) - 7*v(h). Let q(t) = -t + 10. Let l be q(7). Determine n(l).
-7
Suppose 3*j = -5*w - 10, -3 - 29 = 4*j + 2*w. Let v(x) be the third derivative of x**4/24 + x**3/3 + 10*x**2. Determine v(j).
-8
Let f(m) be the second derivative of -m**5/20 - m**4/12 + 2*m**3/3 - m**2 - 15*m. Let q be f(-3). Suppose -a - q + 7 = 0. Let k(g) = g**2 - 3. Give k(a).
6
Let a(n) = 15*n**2 + n**3 - 7*n**3 + 4*n + 8 + 5*n**3 + 9*n + 2*n**3. Determine a(-14).
22
Let i(s) = -10*s**2 - 2 - 11*s + 4 + 51*s**2 + 6. Let k(o) = 14*o**2 - 4*o + 3. Suppose 89*v - 83*v = 24. Let m(b) = v*i(b) - 11*k(b). Determine m(-1).
9
Let u(n) = -130*n - 2 - 132*n - n**2 + 260*n. Suppose -6 + 2 = 4*f + 4*z, 0 = 4*z - 4. What is u(f)?
-2
Suppose 0 = -63*r + 165 - 102. Let p(v) = -29*v**3 - 3*v**2 + 2*v. Give p(r).
-30
Suppose 0 = 2*l + 8*z - 3*z - 15, -2*z + 6 = -3*l. Let o = l + -8. Let q(k) = -2*k - 22. Let h be q(o). Let m(n) = -2*n - 2. Give m(h).
10
Let u(j) = -2*j**3 + 0*j**3 + j + 3*j**2 + 4 + 0*j. Let b(w) = -w + 14. Let c be b(9). Let y be (-78)/(-24) + c/(-20). Give u(y).
-20
Let y(m) be the third derivative of 5/12*m**4 + 1/60*m**5 + 0 + 131*m**2 + m + m**3. What is y(-8)?
-10
Let v(f) = 7*f - 16. Let k(z) = z**2 + 33*z + 275. Let q be k(-15). Determine v(q).
19
Let n(b) be the first derivative of 6*b + 19 + 1/2*b**3 - 3*b**2. Let c(h) be the first derivative of n(h). Determine c(4).
6
Let s(f) = 3*f**3 - 9 - f**3 - 10*f - 3*f**3 + 12*f**2 + 0*f**3. Let j(y) = -y**3 + 13*y**2 - 11*y - 10. Let g(t) = -6*j(t) + 7*s(t). Give g(5).
2
Let f = 80 + -78. Suppose -9 = -11*h + f*h. Let y(j) = -7*j**2 - j + 1. Give y(h).
-7
Let n = -504 + 517. Suppose k = 1, 6*y - 5*y - 5*k - n = 0. Let s(t) = -t**2 + 19*t - 23. What is s(y)?
-5
Let j(s) be the second derivative of -5*s**4/12 - 13*s**3/3 + 11*s**2 - 2*s - 3391. Determine j(-6).
-2
Suppose -7*q = -2*q - 4*f, 2*q + 33 = -5*f. Let d(i) = -5*i**2 - 6*i + 0 - 9 - i**3 + 7. Determine d(q).
6
Let k(s) = s**3 - 3*s**2 + 3*s - 6. Suppose 4*b + 2*x - 26 = 0, -b + 2*x + 45 = 56. Determine k(b).
3
Suppose d = -2*d + 9. Let m(g) = -17*g**3 - 5*g**2 - 5*g - 2. Let p(n) = 5*n**3 + n**2 + n + 1. Let q(s) = -2*m(s) - 7*p(s). Determine q(d).
6
Let k(s) = s**3 - 6*s**2 + 4*s + 5. Let q = 266 - 262. Determine k(q).
-11
Suppose -23*s + 9*s = -27*s. Let n(f) = f + 6. Let p be n(-6). Suppose s*d - 3*d - 3 = 2*k, p = 4*k + 3*d + 3. Let r(o) = o + 1. Give r(k).
1
Let u(q) = -28*q + 34. Let m(p) = -11*p + 11. Let y(n) = 8*m(n) - 3*u(n). Give y(10).
-54
Let m(v) = v + 4. Let g be m(5). Let a be g/7 + 2/(-7). Let u(z) = -292*z - 299*z + 594*z. Calculate u(a).
3
Let l be (2 - 10/4)*-6. Let t(d) = -d**2 + 2*d - 4. Let s(v) = -2*v**3 - 1. Let f be s(1). Let a(b) = b - 5. Let g(i) = f*t(i) + 2*a(i). Give g(l).
17
Let k(u) be the second derivative of u**6/120 + u**5/10 - 3*u**4/8 - 4*u**3/3 + 2*u**2 + 9*u - 2. Let h(l) be the first derivative of k(l). Calculate h(-7).
6
Suppose -3*u - u = 3*c - 28, -5